 m(q).
7
Let d(n) be the first derivative of -n**4/4 + n**2/2 + 11*n + 61. Calculate d(0).
11
Let z be 136/20 + (-1)/(-5). Let l(u) = -u**2 + 7*u - 4. What is l(z)?
-4
Let y(j) = -j**3 - j**2 - 3*j - 3. Let d be ((-2)/5)/(6/30). Let o(l) = -l**2 - 3*l - 4. Let c be o(d). Give y(c).
7
Suppose -2*f - 5 + 3 = -5*j, 0 = -4*j + f + 4. Let a(k) = -4*k - 2. Give a(j).
-10
Let z(t) be the first derivative of -23*t**2/2 + 46. Determine z(-1).
23
Let m = 11 - 11. Let t(n) = n**3 - n - 4. What is t(m)?
-4
Let s(i) = 9*i - 1. Suppose 0*l + 4 = -4*l - 5*j, 5 = -5*l + 3*j. What is s(l)?
-10
Let z(a) = a + 1. Let q be z(1). Let s(f) = -3*f - 2 - 1 + f**2 + 2. Let j(w) = w**2 + w + 1. Let x(k) = q*j(k) - s(k). Determine x(-5).
3
Let v(h) = 2*h + 7. Let z be (-1 - -34) + (1 - 0). Let m(y) = y**3 - 2*y**2 - 3*y + 4. Let i be m(3). Suppose -2*n + 2*f = i, f - z = 5*n - 12. Give v(n).
-3
Suppose k = -4*l + 2*l + 1, -l - 4*k = 3. Let b(u) = -3*u - l - 1 + 0 + 1. What is b(3)?
-10
Suppose 40 = -5*x - 2*a, -2*x + 3*a + 13 = -2*a. Let d(z) be the second derivative of z**5/20 + 5*z**4/12 - 7*z**3/6 - 9*z**2/2 - 33*z - 2. Give d(x).
-3
Suppose 3*q - 75 = 5*h, -4*h = 2*q + 54 + 28. Let k be 6/h + (-14)/(-6). Let t be 4 + -1 + 4/k. Let i(g) = -g**2 + 3*g + 4. Give i(t).
-6
Let v be (-50)/(-15) - (-1)/((-6)/2). Let b(m) be the first derivative of m**4/4 - 2*m**3/3 - m**2 - 3*m - 1. Calculate b(v).
0
Let a(m) = 59*m + 7 - 61*m - 4 + 2*m**2. Give a(2).
7
Let o(z) = z**3 - 6*z**2 - 4. Let l be (9/(-4))/((-3)/8). Determine o(l).
-4
Let u(j) be the first derivative of -j**2/2 - 3*j - 4. Calculate u(-7).
4
Let o(q) = -3*q + 3*q - 2*q - 5. Let y(z) = 3*z - 3. Let w be y(3). Suppose -4*m = 5*u - w*m + 24, -u = -4*m + 12. Give o(u).
3
Let i(s) = 3*s - 1 - 2 + 2*s. Let t be 4/(-3)*15/(-2). Let k = -8 + t. Determine i(k).
7
Let u(v) be the third derivative of v**5/60 - v**4/12 - v**3/6 - 5*v**2. Determine u(-1).
2
Suppose -4*d + 2 + 10 = 0. Let x(v) be the first derivative of -v**5/120 + v**4/4 - 4*v**3/3 + 3. Let s(l) be the third derivative of x(l). Calculate s(d).
3
Suppose -5*a = 3*l + 20, -4*a + 2*l = -a + 31. Let n(w) = w**3 + 8*w**2 + 6*w - 1. What is n(a)?
6
Let r = 4 + -6. Let u(v) = 2*v**2 + 2*v - 2. Let f be u(r). Let t be 2/(-1) - (f - 5). Let y(g) = 10*g + 1. Calculate y(t).
11
Let r(w) be the third derivative of -w**5/60 + 5*w**4/24 - 2*w**3/3 + 5*w**2. Suppose -5*k + 9 = -6. What is r(k)?
2
Let r(o) be the third derivative of 0 + 0*o - 1/8*o**4 - 1/3*o**3 + o**2 - 1/360*o**6 + 1/40*o**5. Let d(z) be the first derivative of r(z). Calculate d(4).
-7
Suppose -4*u + 2*o + 8 = 0, -3*o = -5*u - 1 + 9. Let i(l) = l**3 - 3*l**2 - 4*l + 2. Determine i(u).
2
Suppose -19*u + 22*u + 18 = 0. Let l(q) = -q**3 - 4*q**2 + 7*q - 7. Give l(u).
23
Let c = -5 - -7. Suppose 5*o = -c*h + 14, -h - 2*h - o + 8 = 0. Let m(q) = -5*q**2 - 1 + h*q - q + q**2. Determine m(1).
-4
Suppose 4*f - 10 = 2. Let n(i) = -4*i + f*i + 4*i - 1 + i. Give n(-1).
-5
Let c = -4 + 3. Let r(u) = -u + 4*u - 4*u. Determine r(c).
1
Let j(y) = -y**2 + 4*y + 6. Suppose -5*x = -20, 5*n - 21 - 29 = -5*x. Calculate j(n).
-6
Let a(h) = -4*h**3 - 4*h**2 + 15. Let s(t) = 7*t**3 + 7*t**2 - 29. Let r(q) = -5*a(q) - 3*s(q). Determine r(0).
12
Let d(x) = 4 - 351*x**3 + 4*x**2 + 2 + 2*x + 352*x**3. Let b = -9 - -5. Determine d(b).
-2
Let c(j) be the third derivative of -j**5/120 - 5*j**4/24 + j**3/2 + 3*j**2. Let u(q) be the first derivative of c(q). Give u(-3).
-2
Let h = 3 - 2. Let t(y) = -h + 1 - 1 + y. Let j(b) = b + 5. Let d(n) = -j(n) - 4*t(n). What is d(1)?
-6
Let r(x) = -2*x**3 + 4*x**2 - x. Let f be r(2). Let p(y) be the first derivative of -5*y**2/2 - 2*y - 1. Determine p(f).
8
Let r(h) be the second derivative of h**5/5 - h**3/3 + h**2/2 + 6*h. Calculate r(1).
3
Let l(p) be the third derivative of p**6/120 + p**5/60 - p**3/3 + 22*p**2. What is l(-2)?
-6
Suppose -a - 10 = -6*a. Let s(k) = 6*k**2 + k - 2*k**2 - 6*k**2. What is s(a)?
-6
Let k(i) be the second derivative of -i**5/20 - 5*i**4/12 + 7*i**3/6 + 9*i**2/2 + 9*i. Give k(-6).
3
Let c(y) = -y + 5. Let o = 23 + -15. What is c(o)?
-3
Let p(h) be the first derivative of h + 9/2*h**2 - 1 + 1/6*h**3. Let q(l) be the first derivative of p(l). What is q(-4)?
5
Let q be (-5)/(-20) + 63/(-12). Let l(i) = -i**2 - 4*i. What is l(q)?
-5
Let j(p) = 2*p**3 + 3*p**2 - 2. Let k(y) be the first derivative of -y**3/3 - 3*y**2 + 5*y - 2. Let r be k(-7). Calculate j(r).
-6
Suppose i - 2 - 2 = 0. Let q be 4/(-6) - (-5)/3. Let a(h) = 0*h + 5*h + 2 - 4*h - q. Determine a(i).
5
Let u(o) = -5*o**2 - 4. Let i(s) = s**2 - s. Let l(k) = -4*i(k) - u(k). Calculate l(-3).
1
Let x(o) = -24*o**3 + 2*o**2 - 1. Suppose 3*a - 2*i + 7 = -0*a, -5*i + 23 = -2*a. Calculate x(a).
-23
Let d(y) = 3*y**3 - y**2 - y - 1. Suppose -c + 7 = 4*z - 5, 3*z = -2*c + 14. Determine d(z).
17
Suppose -3*y = -5*h + 34, 3*y - 9 = 6*y. Let t(g) = -g + 4 + h - 1. Suppose -3*x + 3*f + 12 = 0, 4*x - 25 = -7*f + 2*f. Determine t(x).
3
Let t be (1 + (4 - 9))/2. Let q(k) = -k**3 - k**2 - k - 2. Give q(t).
4
Suppose 0*w = -3*w + 15. Let z(j) be the first derivative of -1 - 7*j + 3*j**2 - 2*j**3 + 1/4*j**4. What is z(w)?
-2
Let g(m) be the first derivative of m**4/12 + 2*m**3/3 + m**2 + 3*m - 2. Let f(s) be the first derivative of g(s). Determine f(-4).
2
Let y(b) be the first derivative of -b**4/4 + 2*b**3/3 + 3*b**2/2 - b + 4. What is y(3)?
-1
Let p(w) be the second derivative of -w**4/12 - 5*w**3/6 - w**2/2 + 7*w. Determine p(-4).
3
Let u(m) = 18*m. Let k(a) = -6*a. Let d(v) = -17*k(v) - 6*u(v). Suppose 6 = -2*c - 4*o, -2*c + 7 = 5*o + 15. Calculate d(c).
-6
Suppose 10*a - 8*a + 6 = 0. Let y(b) = -3*b - 2. Give y(a).
7
Let c = 28 + -31. Let n(u) = 0 - 2 - 1 + u**2. Determine n(c).
6
Let c(g) = 5*g + 6. Let q(l) = 3*l + 4. Suppose 0 = 3*a + 2 + 22. Suppose 2*y = 3*r - 5, -r + 25 = 3*y + y. Let s(x) = a*q(x) + y*c(x). Calculate s(1).
-1
Let w(h) = h**3 + h + 1. Let l(b) = 6*b**3 + 4*b**2 + 4*b + 4. Let j(s) = -l(s) + 5*w(s). Determine j(-4).
-3
Suppose 4*m - 3*b + 23 = 0, m + 5*b = -m - 5. Let f(l) be the third derivative of l**6/120 + l**5/12 + l**4/12 + 5*l**3/6 - l**2. Calculate f(m).
-5
Suppose 4*y - 22 = -2. Let l = -5 + y. Let f(d) = -2*d**2 + 1 - 3*d**2 + l - 3*d + 3*d**2. Determine f(-3).
-8
Let q(n) = 3 - 2 + 6*n**2 - 6*n - 5*n**2 + 1. Give q(6).
2
Let r(b) = b**3 + 6*b**2 - 3. Let l = 44 + -5. Suppose -5*v - 3*q = l, -3*v - 2*q = -6 + 30. What is r(v)?
-3
Suppose -2*c + k - 5*k + 26 = 0, 0 = -2*k + 10. Let d(y) = -4*y + 6*y - 3 + 0 + 0*y. Determine d(c).
3
Let o(j) = 0 + 3 - j**3 + j**2 + j**2 + 2*j**2 + 3*j. Calculate o(4).
15
Let l be (-1)/(-1) - 6/6. Let j(i) = i**3 + 2. Calculate j(l).
2
Let m(d) = 2*d - 5. Suppose -1 = -z - 4*f + 1, -2*z + 5*f = -17. Determine m(z).
7
Let s(b) = 8 - b - 7 + 3. Suppose -4*k + 2*u = 3*u - 25, -2*k + 3*u + 23 = 0. Let p be s(k). Let l(f) = f**2 + f - 2. What is l(p)?
4
Let w(z) = z**3 + 3*z**2 - 3*z. Let d be w(-4). Let t(u) = -4*u - u**3 + u - 3 + 0*u**3 - 2 - 4*u**2. What is t(d)?
7
Let b(q) = 8*q + 5. Suppose -2*p + 6*p = 112. Let m(l) = -1 + 15 + p*l - 5*l. Let y(i) = 17*b(i) - 6*m(i). What is y(1)?
-1
Let h(k) = -k + 5. Let w = 2 + -2. Suppose -3*b = 6*o - 4*o - 20, 0 = -b + o. Suppose b*n - 16 = -w*n. Determine h(n).
1
Suppose -b + 2*d + 3 = -0*b, -5*d = 15. Let t(s) = -s**3 - 4*s**2 - s + 2. Calculate t(b).
-4
Let v = -2 + 3. Let w(m) = 44*m**2 + 11*m. Suppose -4*x + 0 = 12. Let o(z) = -11*z**2 - 3*z. Let q(d) = x*w(d) - 11*o(d). Calculate q(v).
-11
Let l = -9 - -14. Let f(z) = -4*z + 6. Determine f(l).
-14
Let j(u) = -u**3 + 1. Let s = 12 + -8. Suppose 7 = 5*c - 8. Suppose -f = c*f - s. What is j(f)?
0
Let b(r) = 2*r**2 + 6*r - 10. Let u be b(-7). Let d be u/(-14) - 2/(-7). Let l = -5 - d. Let n(h) = -4*h**2 - 4*h - 2. Determine n(l).
-10
Let q(d) be the first derivative of 19*d**4/4 + d**3/3 + d**2/2 - d - 1. Calculate q(1).
20
Let q(j) = -j**2 + 4*j - 5. Let g be -7*1 + 0/(-5). Let h be 6/(-21) + 5/g. Let x be -2*(h - (-1)/(-1)). Determine q(x).
-5
Let k = -7 + -8. Let p = -9 - k. Let f(v) = -2 - v**2 + p + 0 + 3*v. What is f(5)?
-6
Let n(o) = -o**2 - 5*o - 5. Let w = 4 - 2. Suppose 0 = w*u + u - 15. Suppose x + d = 3*d - 7, -u = -5*d. Calculate n(x).
-5
Let r be -2 - -